e prime factors of y.
2, 23
Suppose -2*y + 0*y + 3208 = -y. List the prime factors of y.
2, 401
Let y(c) = -c**3 - 3*c**3 + 6*c**2 + 7 - 2*c**2 - 6*c**2 - 8*c. List the prime factors of y(-4).
263
Let g = -330 + 352. Let d(h) = 73*h - 113. What are the prime factors of d(g)?
1493
Let t(k) = 33*k + 33. Let w be t(14). Suppose 3*j - w = x + 47, -5*j - 2*x + 918 = 0. List the prime factors of j.
2, 7, 13
What are the prime factors of (392/(-5))/(18928/(-1720) - -11)?
2, 7, 43
Suppose -18*x - 5*x - 6*x = -77140. List the prime factors of x.
2, 5, 7, 19
Let u(n) = -7*n**3 - 2*n**2 - 13*n - 2. Let d(f) = 0*f - 5*f**3 + 6*f**3 + 2*f**3 + 1 + 6*f + f**2. Let q(s) = 5*d(s) + 2*u(s). List the prime factors of q(4).
97
Let q(z) = 2*z**2 + 16*z + 10. Let l be q(-9). Suppose -23*h - 885 = -l*h. Suppose -2*p + 81 = -h. List the prime factors of p.
3, 43
Let w be (-40)/4*194 - (4 - 5). Let s = w - -3490. What are the prime factors of s?
3, 11, 47
Let l be 7/(-28) - 33/(-4). Let j(h) = 13*h - 73. List the prime factors of j(l).
31
Suppose -25*x - 894 = -144. List the prime factors of x/9*(-6 - (-5976)/(-30)).
2, 3, 19
Let y(g) = -6*g**3 - 71*g**2 + 41*g + 246. What are the prime factors of y(-18)?
2, 3, 479
Suppose -5*v - 5*o = -49225, 141*v - 145*v + 5*o = -39335. List the prime factors of v.
2, 3, 5, 41
Suppose 2*s - 36304 = -13*m + 11*m, 0 = -4*s - m + 72626. List the prime factors of s.
2, 7, 1297
Let c(y) = 2*y**2 + 8*y - 35. Let u be c(3). Suppose 518 = 2*r - 5*i, u*i - 6*i + 803 = 3*r. List the prime factors of r.
269
Suppose 39*q - 456781 = 1141985. What are the prime factors of q?
2, 103, 199
Let b(v) = -v**3 + 16*v**2 - 47*v - 7. Let x be b(12). Suppose 20*o - 1370 = 17*o + x*t, -5*o + 2271 = 4*t. What are the prime factors of o?
5, 7, 13
Suppose 0 = 3*x - 4*t + 514 + 857, -3*x = 3*t + 1392. Let c = x + 1300. What are the prime factors of c?
839
Suppose 0 = -2*b + 5*b - 18. Let t(r) = 6*r**2 + 3*r + 11. Let s(m) = m**2 + m. Let q(l) = -5*s(l) + t(l). List the prime factors of q(b).
5, 7
Suppose 302*o - 321*o + 48241 = 0. Let s = o - 1340. What are the prime factors of s?
11, 109
Let z = -5661 - -7970. List the prime factors of z.
2309
Let f(c) = 2*c + 12. Let p be f(-6). Let v(x) = -x**3 + x**2 + 7. Let t be v(p). What are the prime factors of (1086/21 - (-2)/t) + -2?
2, 5
Suppose k - 8 = -3. Suppose 5*z + k*l - 7 = -2, 4*l = 3*z - 10. Suppose -4*d = z*d - 258. List the prime factors of d.
43
Let z(d) = -23*d + 560. What are the prime factors of z(-21)?
7, 149
Suppose 0 = 4*o + h - 73, 4*h + 18 = -2*o + 58. Let n = -1003 - -2277. Suppose -o*g = -25*g + n. List the prime factors of g.
2, 7, 13
Let g = 47496 + -28363. List the prime factors of g.
19, 53
Let x(q) = -148*q**3 - 20*q**2 - 93*q - 6. What are the prime factors of x(-4)?
2, 4759
Suppose -545 = 3*v - 41. Let t = 1947 - v. What are the prime factors of t?
3, 5, 47
Let o = 171 - 170. List the prime factors of (6 + 277 - -3)*o.
2, 11, 13
Let z(s) = -2*s + 11. Let f be -3 - -5 - (-20 - 5). Let v be -1 + f/6*-2. What are the prime factors of z(v)?
31
Let x = 59314 - 33127. List the prime factors of x.
3, 7, 29, 43
Let v(d) = 4*d**2 - 57*d - 40. Let i be v(18). Suppose 2*q - 110 = i. List the prime factors of q.
2, 5, 17
Let d = -78 - -20. Let p = -82 + d. Let r = p - -285. List the prime factors of r.
5, 29
Let r = 352 - 364. Let t(u) = 7*u**2 + 13*u + 18. What are the prime factors of t(r)?
2, 3, 5, 29
Suppose 3*n - 17 = -4*g, 0 = -4*g + 5*g + 5*n. Suppose -5*k = -g*q + 1372 + 2068, -2*q + k = -1381. What are the prime factors of q?
3, 7, 11
Let l = 643 + -258. List the prime factors of (-1 - -6) + -4 + l.
2, 193
Let t be (-156)/(-10) + 54/(-90). What are the prime factors of -7 + (-2498)/(-5) + 6/t?
17, 29
Suppose -121 + 26 = 19*k. List the prime factors of k/(-15)*1227 + 3.
2, 103
Suppose -192 = -4*z - 2*x, 40*z - 62 = 39*z - 4*x. What are the prime factors of z?
2, 23
Suppose -2*b + 336 = -b - 3*s, -3*s = -5*b + 1620. Let l = b - 274. What are the prime factors of l?
47
Let u(s) = s**2 + 117*s - 1198. List the prime factors of u(81).
2, 5, 7, 53
Let g be ((-496)/(-12) + -2)*12 - 3. Let m = g + 843. Suppose 0 = -7*h - h + m. List the prime factors of h.
2, 41
Let a(y) = -20*y**3 + 20*y**2 - 9*y + 406. Let l(d) = 7*d**3 - 7*d**2 + 3*d - 135. Let z(j) = 6*a(j) + 17*l(j). List the prime factors of z(0).
3, 47
Let a be 5/((-20)/6)*110. Let n be (a/30)/(1/(-2)). Suppose 0 = n*m - 15*m + 724. What are the prime factors of m?
181
Let u(q) = 70*q + 12. Let b(p) = -35*p - 6. Let j(g) = 9*b(g) + 4*u(g). Let x be j(-2). Suppose 4*a + 5*c - x = 0, -4*c + 2*c = -8. List the prime factors of a.
11
Suppose -7*x + 6 = -10*x, x + 3344 = -3*l. Let m = l - -2044. What are the prime factors of m?
2, 3, 5, 31
Let z = 33 + -31. Suppose z*h + 4*w - 22 = 0, 0 = 3*h + h - w - 35. Suppose 4*a = -2*s + 119 - h, 3*s + 4*a - 155 = 0. What are the prime factors of s?
3, 5
Let a be (0/((-6)/3 + 0))/1. Suppose 35*i - 37*i + 216 = a. Suppose -3*c + 0*c + i = 0. What are the prime factors of c?
2, 3
Suppose -4*d + 20*k - 22*k + 43308 = 0, k = -4*d + 43314. What are the prime factors of d?
2, 3, 5, 19
Let a = 77 - 47. Let m = a - 30. Suppose 2*b + 3*n - 62 = m, -119 = -3*b - 3*n - 29. What are the prime factors of b?
2, 7
Suppose 246 + 319 = 5*g. Suppose 3*j = -15, -3*j = 2*u - 8*j - g. List the prime factors of u.
2, 11
Let o = 120822 - 67041. What are the prime factors of o?
3, 7, 13, 197
Let y(r) = r**2 - 3*r - 36. Let g be y(-5). Suppose 5228 = g*s + 1036. What are the prime factors of s?
2, 131
Suppose 0 = m - 5*h - 2, -3*m + 5*h = -68 + 12. Let u = m - 32. Let y(p) = -2*p**3 - 5*p**2 + 6*p - 4. What are the prime factors of y(u)?
7, 13
Suppose -3*g + 3749 = 2*k, -g + 0 = -5. What are the prime factors of k?
1867
Let n(r) = -11*r - 168. Let t be n(-15). What are the prime factors of (-3)/(-6)*(-3 - 3141/t)?
2, 3, 29
Let l = 370 + -358. Suppose -36*y + 11832 = -l*y. List the prime factors of y.
17, 29
Let z = -10533 + 21067. List the prime factors of z.
2, 23, 229
Let d be (3066/24)/((-7)/(-280)). Suppose 5*z - 19*z = -d. List the prime factors of z.
5, 73
Let a = 7 + -3. Suppose 4*y = -12 - a. What are the prime factors of ((-6)/9)/(y/42)?
7
Let d = -1070 + 7734. What are the prime factors of d?
2, 7, 17
Let j(w) = -117*w + 96. Let y be j(-28). Suppose -5*z - 4503 = -4*r, r = 4*r - 2*z - y. List the prime factors of r.
2, 3, 11, 17
Suppose -36514 - 5574 = -2*x. What are the prime factors of x?
2, 5261
Let j(s) = -s**3 + 11*s**2 - 9*s - 8. Suppose 0 = -x + 11*x + 90. Let o be 0 - (-3)/3 - x. What are the prime factors of j(o)?
2
Let y(i) = -i**2 + 2*i + 193. Let d be y(0). Suppose 2*x + 3*h + 2*h - d = 0, 4*x - 4*h - 316 = 0. What are the prime factors of (x - 6/6)*(1 + 0)?
83
Suppose -29*r + 1500995 = 400445. List the prime factors of r.
2, 3, 5, 11, 23
Let z be (-14)/63*-1 + (-1924)/(-9). Suppose q + 3*x = -2*x + 214, -q - 2*x + z = 0. What are the prime factors of q?
2, 107
Let l(u) = 4276*u + 266. List the prime factors of l(7).
2, 3, 7, 719
Let c = 19 - 14. Suppose 0 = -5*d - c*o - 10, 4*d = 9*d + 2*o + 10. List the prime factors of ((-56)/42)/(d/171).
2, 3, 19
Let i = 545 - 277. Let x = 1 + -9. List the prime factors of i/x*-2 + 1.
2, 17
Suppose 534*d - 54 = 528*d. Suppose 0*l - 12 = 4*l. List the prime factors of l/(d/(-12)) - -59.
3, 7
Let v = -25 + 31. Let a be (-6399)/(-18) + v/4. Suppose 105 = -6*l + a. What are the prime factors of l?
2, 3, 7
Suppose 2*w = 5*z + 3338, 0 = 31*w - 28*w + 5*z - 4982. What are the prime factors of w?
2, 13
What are the prime factors of (-27)/(-45) + 1069152/30?
157, 227
Let h = -48 - -108. What are the prime factors of (30/(-10))/(2*(-2)/h)?
3, 5
Let t be 1/3 - (-215)/3. Let w(n) = -15*n - 103. Let h be w(-11). Suppose d = h + t. What are the prime factors of d?
2, 67
What are the prime factors of ((-8)/6 - -2) + 2*468358/132?
47, 151
Let n = 856 - 856. Suppose -2*j - 5 - 1 = n, 2*w - 2*j - 2420 = 0. What are the prime factors of w?
17, 71
Suppose 4*w - 36495 = -307*c + 302*c, 2*c = 5*w - 45594. List the prime factors of w.
2, 3, 5, 19
Suppose 2*k = -5*n + 4*k + 90, 3*k + 79 = 4*n. Let w = -16 + n. Suppose w = 2*v - l - 214, 505 = 5*v + 2*l + 3*l. List the prime factors of v.
3